f (-2 - (0 - 0)) + (-56 - -87)?
29
Evaluate (8 - (-16 - -18)) + -6 - -5.
5
-20 - (40 + (-26 - 44))
10
0 - (27 + -11 - (0 + -1))
-17
What is (43 - 25 - 2) + -22?
-6
Calculate 79 + (20 - 54) - 23.
22
Calculate 1 + (22 - 25) + 19.
17
Calculate (10 - (-7 - (-26 - (10 + -13)))) + -23.
-29
What is 9 - (35 - (16 + -1))?
-11
-3 + 5 + 4 + (5 - 3 - 6)
2
What is the value of -9 - (9 - 10 - 3 - -9)?
-14
(-14 - -2) + (-4 - (19 + -19))
-16
Evaluate 12 + -19 - (6 - (0 + 4)).
-9
What is (182 - 176) + (-1 - 0 - 21)?
-16
Evaluate 13 - 0 - (-36 - -37).
12
What is the value of 14 + -6 + -2 + 4 + 11?
21
What is 21 - (9 - (-6 - -10))?
16
Calculate (21 - -3) + (-10 - (3 + -10) - 3).
18
Calculate -4 + 8 + (-5 - (2 - -1)).
-4
Evaluate (-23 + 24 - (8 - 5)) + 9.
7
What is the value of 27 + 0 + (11 + -9 + -1 - 10)?
18
Calculate 2 + -13 + 10 - (5 - 20).
14
4 + (-3 + 2 + 0 + 5 - 12)
-4
Evaluate -25 + 44 + -11 + 9.
17
What is the value of (-31 + (-14 - (-16 - -8)) - -8) + 3?
-26
Calculate 36 - ((-5 - -3) + 22).
16
What is the value of 3 + 6 + -16 + -5 + -1?
-13
22 + (-2 - -27) + -26
21
What is the value of -7 + (28 - 24) + -2 + -2 - -24?
17
Calculate (-23 - -20 - (0 + 9)) + 12.
0
What is 4 + -2 - 12 - 3 - (0 - 1)?
-12
What is the value of -1 + -2 + (0 + -2 + 11 - 1)?
5
What is 33 + (19 - 2 - -1 - 12)?
39
Evaluate -7 + (0 - 0) - (-14 + 31 + -14).
-10
Evaluate 8 + 15 + (-10 - 7).
6
6 + (4 + -7 + 7 - 17)
-7
3 + (-83 - -89) + (-1 - -3)
11
What is the value of 8 + (1 + -5 + 2 + -1 - -3)?
8
55 + (-17 - (-28 - -38))
28
Evaluate -16 + 2 - (-2 + -25).
13
Evaluate -9 - -5 - -27 - 23.
0
What is -5 + (11 - 2) - (-1 - 2)?
7
Evaluate -4 - ((-2 - 7) + 18 + -12).
-1
Evaluate 1 + (11 + -10 - 11).
-9
Evaluate -37 + (-31 - -39) + 52.
23
-11 + 6 + (-9 + 9 - -6) + 22
23
9 + (8 - 26) - -7 - -4
2
(5 - -3) + -39 - (3 - (-4 - 1))
-39
Calculate -11 + 0 + -4 - (-4 + 6 + -5).
-12
What is the value of -23 - -1 - (96 + -101)?
-17
Calculate 28 + 4 + -16 + -1.
15
-12 + 2 - (-3 - (11 + 8))
12
Calculate -680 - -699 - (40 - (-2 - 1)).
-24
12 + 1 + (-11 - -10) - 0
12
What is the value of (-4 - -8 - (-4 - -2)) + -7?
-1
Evaluate -13 - (-12 + (-25 - -15)).
9
What is 28 + -11 + -4 + 2 + 2?
17
What is the value of -11 - -1 - (34 + -33)?
-11
Calculate 2 + (-152 - -151) + 0 + 6.
7
What is the value of 18 + -17 + 7 + -15 + 0 + 21?
14
Evaluate 3 + -6 + 1 + 8 + (2 - 3).
5
What is (3 - 19) + -13 + 25 + 11?
7
2 - (3 - (11 - 3 - 5))
2
Calculate (5 - -7) + 1 + -3 + -7 - -2.
5
Calculate (2 + -4 - (39 - 38)) + 14.
11
Evaluate 5 + -7 + 1 + 0 + -3.
-4
What is 10 - (-11 + -3 + 3 - (182 - 184))?
19
Calculate -2905 - -2911 - (8 - (-2 - -1)).
-3
What is the value of (1 + 9 + -30 - -4) + 49?
33
What is -6 + 1 + -1 + (-55 + 84 - 28)?
-5
What is -2 + (14 - ((-1 - 2) + -19))?
34
Calculate -10 - (-2 - 0) - (-3 + 10 + -11).
-4
What is the value of -3 + -6 - (3 - ((2 - -1) + -2))?
-11
-4 - (4 + -2) - (-131 + 125)
0
39 - (23 - -1) - (42 - -2)
-29
Evaluate (5 - ((-3 - 4) + 8)) + 2.
6
1 + (11 - 5) + -9 - -6
4
(-10 + -8 - -9) + 6 + 1
-2
What is (-1 - 13) + (-34 - (-8 + -24))?
-16
What is the value of -25 - (-6 + 6 + -13)?
-12
Evaluate 7 - (-2 - (2 + 10 + 11 + 4)).
36
-27 + (8 - -3 - -4)
-12
What is (0 - 0) + (-10 - (2 + -8 + -23))?
19
What is the value of 9 - (5 - (-4 + (-13 - 7)))?
-20
Evaluate 7 + (1 - -3 - 3) + (5 - 3).
10
What is 9 + (3 + (13 - 3) - 42)?
-20
Evaluate 4 - ((14 - 34) + 52).
-28
1 + -21 - (-280 - -269)
-9
Calculate -1 - -3 - -1 - ((-1 - -2) + -8).
10
Evaluate (-2 - 6) + (-37 - (-14 - 15)).
-16
What is the value of 8 + -2 + 4 + 2 + 3?
15
Calculate (-2 + 1 - (-19 - -2)) + 10 + -18.
8
What is the value of -549 + 557 - (-2 + -2 + 47)?
-35
What is the value of 12 + (8 - 8) + 3 - -7 - 3?
19
Calculate -10 - (-9 + (9 - -4) + 1 + -9).
-6
(5 - 2 - 4) + -57 + 0 + 23
-35
Evaluate (45 + -17 - 15) + -32.
-19
Calculate 22 - (16 + -6) - (-1 - -19).
-6
What is 6 - 2 - (21 + -26)?
9
What is -25 + 9 + (-1 - 1 - (2 - 9))?
-11
-11 - -15 - (1 + 1 + -3 + 20)
-15
What is the value of -4 + 1 + -8 + (17 - 9) + 6?
3
Evaluate 24 + 4 - (115 - 103).
16
Calculate 2 + 26 + -28 - (-1 + 2 - 4).
3
Calculate 12 + (-17 - -39) + -26.
8
Calculate 39 + 4 + (7 - 30) + 2.
22
What is -1 + -4 - (68 + -84) - 0?
11
Calculate -6 + 1 + (-6 - -5) + (2 - 1).
-5
Calculate 19 + (-51 - (18 - 15) - -4).
-31
Evaluate -11 - (4 - 22 - -1).
6
What is the value of -15 + 23 + (-19 - -2)?
-9
Evaluate 1 + -52 - (37 - (-21 - -69)).
-40
Calculate -6 + -4 + 5 - (0 + (6 - 1)).
-10
Evaluate (-21 - 1) + (-1 + 0 - (-43 - -40)).
-20
Evaluate 0 - -9 - (16 + (-11 - -1)) - 1.
2
Calculate 16 + (10 - 18 - -4) - -5.
17
What is 23 + (-19 - 0) - (4 + -3)?
3
What is the value of -1 - (-19 - -2 - -12 - -7)?
-3
Evaluate -2 + -3 + (-14 - (20 - 21)).
-18
What is 39 - (-2 + -8 + 4) - 16?
29
Evaluate 9 + (-19 - -8 - -6) + -12.
-8
What is 35 - 19 - (14 + 9)?
-7
(2 - (11 + 4)) + 12
-1
Evaluate (29 - 4) + 33 + -62.
-4
Calculate 11 + 2 + -4 - (-51 - -55).
5
Evaluate 1 - 8 - (-1 + 6 - (15 - 17)).
-14
Calculate 2 - (-11 - (5 - 9) - 1).
10
What is the value of -6 - -4 - ((1 - 10) + (0 - -1))?
6
-1 - 8 - -2 - (-25 - (-15 + -5))
-2
What is the value of -12 - (-10 - -13 - 17)?
2
11 - (-20 + 10 + 27)
-6
What is 1 - -5 - (3 + (5 - 24) - -17)?
5
What is (-9 - -30) + 0 + 5?
26
333 + -325 + 1 + 6
15
Evaluate 15 + 12 + -10 + -33.
-16
Calculate -6 + -6 + 3 + -3.
-12
32 - 26 - (9 + -3 + -8)
8
Calculate 0 + 9 + 780 + -781.
8
What is (2 + 1 - (2 + -2)) + -125 + 117?
-5
13 - (14 + (-8 - 11))
18
Calculate (-37 + 23 - 2) + -1.
-17
What is 7 + 18 - 5 - (5 + -6 + 6)?
15
Calculate (1 - 15 - (-149 + 138)) + -6.
-9
Calculate -5 - 0 - (59 + -29 + -24).
-11
Evaluate (11 - 0) + -8 - (4 + 6) - 3.
-10
Evaluate -28 - -23 - (2 + -8).
1
Calculate -7 + -7 + 28 + (-25 - 18).
-29
Evaluate 9 - (27 - (-27 + 17 - 1)).
-29
Evaluate 2 + 5 + -9 - (12 + -14).
0
What is 0 + 2 - (191 + -209)?
20
-1 - 18 - (215 - 199) - -15
-20
What is (0 - 1) + (0 - (-30 - -28))?
1
What is 3 + 5 - (12 - 16)?
12
What is -1 - -2 - (8 + -18 + 3 + -10)?
18
What is the value of -14 + 27 + -19 + -6 + 36?
24
Calculate -7 + -1 + (42 + -54 - (4 - 4)).
-20
Evaluate 6 - ((7 - -3 - 5) + 3 + -13).
11
1 - (7 - 6) - -5
5
-44 + 37 - (2 + (4 - -2))
-15
What is the value of -29 + (-49 - -67 - (-3 - -18))?
-26
Calculate 21 + (-15 - -8 - -1).
15
-13 + (0 - 0) + -437 + 435
-15
What is 13 + -25 + 9 + -16?
-19
Evaluate (15 - 47 - -26) + 0 + 2 + -7.
-11
Evaluate (-1 - -2 - (-4 - -6)) + 5.
4
Evaluate -2 - (-9 + (-6 - ((-2 - -6) + -15))).
2
What is 3 - (11 + -4 + 10 - 1) - 6?
-19
Evaluate (-9 - (-19 + (-10 - -5) + 9)) + -18.
-12
Calculate -3 - (10 + 1 + -9).
-5
Calculate -17 - (2 + -30) - 7.
4
What is the value of (-20 - -12) + (-24 - (-9 - -4))?
-27
-183 + 177 - (-6 + -1)
1
What is the value of 2 - (-10 + 20) - -7 - (-3 - 2)?
4
What is the value of 0 + 1 - (66 + -43)?
-22
Evaluate 3 - 2 - 2 - -1 - (-848 + 874).
-26
Calculate (36 - 23) + (3 - 16).
0
What is -7 - ((6 - -11) + -21 - (-5 + 0))?
-8
What is the value of (228 - 219) + (2 - -4) + -2?
13
-8 + (37 - (-3 + 0 - -19))
13
Evaluate -30 + -3 + 12 + -6 + 10.
-17
What is -1 + 0 - -2 - (-3 - (-1 + 3))?
6
What is the value of 32 - 50 - (1 + 1 + -4)?
-16
What is the value of -2 + -2 + 19 - 16?
-1
Evaluate 0 + -14 + (32 - 6).
12
What is (14 - 13 - -1) + 1?
3
-5 - (0 - 2 - (14 - -7 - 14))
4
What is the value of 22 + 13 + -18 - 3?
14
Calculate 3 + -24 + 6 + 33.
18
What is (3 - 3) + (28 - (9 + -12 + 15))?
16
-17 - -1 - -13 - (6 + -1 - 0)
-8
What is the value of (3 - -18 - (-14 - -8)) + (-1 - 8)?
18
What is the value of 2 + -36 + 14 + 8?
-12
What is -9 - (14 + -5 - 9 - -4)?
-13
What is (10 - 23) + (-7 - 1) + (2 - 0)?
-19
What is 3 + 0 + ((-10 - -10) + 11 - 9)?
5
Evaluate -40 - -30 - (-7 + 5).
-8
Calculate 0 + 2 + 18 + (-16 - (2 + -3)).
5
-23 + 8 - -10 - (-9 + 1 - -1)
2
Evaluate (-17 - -12) + -2 + -2.
-9
Evaluate -13 + 46 - (29 - 9).
13
Calculate 0 + (-6 - (1 - 1)) + (-364 - -371).
1
What is -39 - (-15 + (-4 + 10 - 1))?
-29
What is the value of -1 + 3 + (-6 - -7)?
3
Calculate (5 - 17) + (-11 - -14).
-9
Calculate -2 + 6 + (7 - 16 - -11).
6
Calculate 9 + -31 + 5 + 12 - 2 - -7.
0
Evaluate -3 + (-5 - -7 - 0 - 8).
-9
Evaluate -3 - (22 + -52) - 21.
6
Evaluate 14 - ((-66 - -68) + 2 + 0).
10
Evaluate 29 + -12 + (-14 - 1).
2
14 - ((35 - 15) + -13)
7
Calculate